02690.
2, 5, 7, 223, 65029
What are the prime factors of 101305660?
2, 5, 5065283
List the prime factors of 542729826.
2, 3, 3673, 8209
What are the prime factors of 911285172?
2, 3, 7, 1201, 3011
List the prime factors of 28941295.
5, 5788259
List the prime factors of 206592836.
2, 51648209
What are the prime factors of 1546646404?
2, 9851, 39251
List the prime factors of 62363531.
17, 59, 97, 641
What are the prime factors of 77200439?
19, 4063181
What are the prime factors of 494133759?
3, 7, 127, 151, 409
List the prime factors of 100270613.
100270613
List the prime factors of 64615857.
3, 29, 742711
What are the prime factors of 3915262?
2, 13, 150587
What are the prime factors of 47823197?
101, 473497
What are the prime factors of 1309427399?
7, 131, 139, 10273
What are the prime factors of 2496749676?
2, 3, 17, 1117, 10957
What are the prime factors of 45388988?
2, 53, 347, 617
What are the prime factors of 322100256?
2, 3, 89, 37699
What are the prime factors of 185027824?
2, 23, 37, 107, 127
What are the prime factors of 77869435?
5, 7, 17, 130873
What are the prime factors of 95607514?
2, 47803757
List the prime factors of 646863100.
2, 5, 13, 497587
List the prime factors of 778062831.
3, 7, 13, 31, 89, 1033
List the prime factors of 14872030.
2, 5, 23, 64661
What are the prime factors of 10816614?
2, 3, 67, 8969
What are the prime factors of 44662564?
2, 823, 13567
What are the prime factors of 31169611?
11, 2833601
What are the prime factors of 52548752?
2, 43, 76379
List the prime factors of 520187787.
3, 7, 41, 201389
List the prime factors of 55406501.
29, 37, 51637
What are the prime factors of 3615295?
5, 101, 7159
List the prime factors of 19247619.
3, 23, 29, 9619
What are the prime factors of 2124486717?
3, 311, 857, 2657
List the prime factors of 21365353.
21365353
List the prime factors of 2314943.
2314943
What are the prime factors of 63481559?
431, 147289
List the prime factors of 2449286903.
7, 19, 1361, 1933
What are the prime factors of 17453381?
11, 19, 37, 61
What are the prime factors of 31752827?
733, 43319
List the prime factors of 43771871.
11, 13, 27827
What are the prime factors of 313368873?
3, 37, 2823143
List the prime factors of 27595845.
3, 5, 17, 36073
List the prime factors of 533145749.
191, 2791339
What are the prime factors of 3389933441?
59, 57456499
What are the prime factors of 136390648?
2, 17048831
List the prime factors of 81321666.
2, 3, 2593, 5227
What are the prime factors of 67084741?
1439, 46619
List the prime factors of 1527847577.
43, 5639, 6301
What are the prime factors of 318695110?
2, 5, 61, 193, 2707
What are the prime factors of 4538040338?
2, 13, 31, 1129, 4987
List the prime factors of 1954934123.
10099, 193577
What are the prime factors of 233229428?
2, 541, 107777
List the prime factors of 2935761095.
5, 2381, 246599
What are the prime factors of 252281307?
3, 84093769
List the prime factors of 692889337.
7, 5693, 17387
What are the prime factors of 3238578514?
2, 139, 11649563
List the prime factors of 4153459951.
4153459951
List the prime factors of 1405046781.
3, 29, 5383321
What are the prime factors of 575151250?
2, 5, 127, 3623
List the prime factors of 1201707717.
3, 7, 57224177
List the prime factors of 159861546.
2, 3, 13, 23, 9901
List the prime factors of 43438090.
2, 5, 1613, 2693
List the prime factors of 96938765.
5, 7, 11, 251789
What are the prime factors of 7251136?
2, 137, 827
List the prime factors of 2281831429.
19, 120096391
What are the prime factors of 2523675514?
2, 953, 1324069
What are the prime factors of 247531545?
3, 5, 611189
List the prime factors of 5180015251.
11299, 458449
What are the prime factors of 789477681?
3, 191, 241, 5717
List the prime factors of 3541399752.
2, 3, 11, 13414393
What are the prime factors of 912606308?
2, 17, 829, 16189
List the prime factors of 1795057340.
2, 5, 6073, 14779
What are the prime factors of 185004628?
2, 41, 601, 1877
What are the prime factors of 43026214?
2, 7, 11, 167, 239
What are the prime factors of 814393271?
2441, 333631
What are the prime factors of 385581955?
5, 11, 7010581
List the prime factors of 622503502.
2, 29, 10732819
List the prime factors of 286041974.
2, 5701, 25087
List the prime factors of 265077772.
2, 163, 406561
What are the prime factors of 273374362?
2, 223, 612947
List the prime factors of 13568712.
2, 3, 23, 47, 523
What are the prime factors of 67925560?
2, 5, 1698139
What are the prime factors of 20998804?
2, 5249701
List the prime factors of 42088690.
2, 5, 7, 601267
List the prime factors of 360060384.
2, 3, 673, 5573
What are the prime factors of 352585430?
2, 5, 167, 211129
What are the prime factors of 759908760?
2, 3, 5, 13, 41, 109
What are the prime factors of 1571152275?
3, 5, 7, 11, 19, 37, 43
What are the prime factors of 50132320?
2, 5, 7, 17, 2633
List the prime factors of 2057214112.
2, 64287941
List the prime factors of 384948999.
3, 23, 37, 50261
List the prime factors of 3632748534.
2, 3, 47, 883, 1621
List the prime factors of 66100406.
2, 79, 418357
List the prime factors of 343306778.
2, 197, 871337
List the prime factors of 445517855.
5, 83, 1073537
What are the prime factors of 1199351132?
2, 7, 1721, 24889
List the prime factors of 1292677229.
17, 1913, 39749
What are the prime factors of 1778031328?
2, 6299, 8821
What are the prime factors of 5218271274?
2, 3, 18341, 47419
What are the prime factors of 782987337?
3, 11, 619, 4259
What are the prime factors of 94754773?
47, 2016059
List the prime factors of 267111655.
5, 31, 181, 9521
What are the prime factors of 1822166614?
2, 19, 103, 465551
What are the prime factors of 47267680?
2, 5, 29, 61, 167
What are the prime factors of 2414582812?
2, 2647, 228049
What are the prime factors of 6934669797?
3, 11, 101, 2080609
List the prime factors of 1668557322.
2, 3, 113, 820333
What are the prime factors of 47082928?
2, 17, 173099
What are the prime factors of 8730273?
3, 2910091
What are the prime factors of 92414105?
5, 7, 67, 39409
What are the prime factors of 391321928?
2, 31, 503, 3137
List the prime factors of 13560054.
2, 3, 2260009
List the prime factors of 1082693409.
3, 7, 51556829
What are the prime factors of 137900632?
2, 19, 47, 97, 199
List the prime factors of 58592567.
11, 41, 129917
List the prime factors of 55818327.
3, 17, 64381
List the prime factors of 3789128688.
2, 3, 78940181
What are the prime factors of 16733437?
7, 271, 8821
List the prime factors of 33329907.
3, 13, 269, 353
What are the prime factors of 697609049?
697609049
What are the prime factors of 20084272?
2, 13, 223, 433
What are the prime factors of 234999573?
3, 3851, 20341
List the prime factors of 3368495803.
127, 521, 50909
List the prime factors of 13088051.
13088051
List the prime factors of 126645502.
2, 63322751
What are the prime factors of 522598039?
522598039
What are the prime factors of 2399254215?
3, 5, 159950281
What are the prime factors of 2684936081?
181, 1811, 8191
List the prime factors of 31145586.
2, 3, 251, 20681
What are the prime factors of 672286827?
3, 224095609
What are the prime factors of 3334087?
3334087
List the prime factors of 550105280.
2, 5, 647, 2657
List the prime factors of 150725777.
150725777
What are the prime factors of 49603132?
2, 227, 54629
What are the prime factors of 187486041?
3, 23, 2717189
What are the prime factors of 642625?
5, 53, 97
List the prime factors of 2449826881.
29, 103, 820163
What are the prime factors of 5137079?
1523, 3373
List the prime factors of 230897938.
2, 127, 909047
List the prime factors of 70421288.
2, 7, 67, 137
List the prime factors of 42101623.
42101623
What are the prime factors of 236183039?
557, 424027
List the prime factors of 157363385.
5, 761, 41357
What are the prime factors of 7023501440?
2, 5, 113, 97117
What are the prime factors of 1584525991?
1584525991
List the prime factors of 3981694.
2, 929, 2143
What are the prime factors of 549437887?
549437887
What are the prime factors of 4656583?
257, 18119
What are the prime factors of 649140262?
2, 324570131
What are the prime factors of 91829223?
3, 17, 19, 31, 1019
List the prime factors of 109371643.
109371643
What are the prime factors of 51359654?
2, 67, 383281
What ar